ommon divisor of 3479 and 71.
71
Calculate the greatest common factor of 136 and 48.
8
Calculate the greatest common factor of 2565 and 675.
135
Calculate the highest common factor of 210 and 195.
15
What is the highest common factor of 14742 and 3024?
378
What is the highest common factor of 244 and 1037?
61
Calculate the highest common divisor of 2755 and 1015.
145
What is the greatest common divisor of 1220 and 1600?
20
Calculate the greatest common factor of 42 and 18.
6
Calculate the highest common factor of 2375 and 25.
25
Calculate the greatest common divisor of 116 and 10.
2
Calculate the highest common divisor of 528 and 48.
48
What is the greatest common divisor of 81 and 1053?
81
Calculate the highest common divisor of 150 and 1410.
30
What is the greatest common factor of 70 and 455?
35
What is the highest common factor of 162 and 6?
6
What is the greatest common divisor of 50 and 270?
10
Calculate the greatest common factor of 51 and 2941.
17
Calculate the highest common factor of 42 and 1036.
14
What is the highest common factor of 238 and 6286?
14
Calculate the greatest common factor of 16 and 9.
1
Calculate the greatest common factor of 48 and 39.
3
Calculate the greatest common divisor of 18 and 18.
18
Calculate the greatest common factor of 126 and 70.
14
Calculate the greatest common factor of 247 and 19.
19
Calculate the greatest common divisor of 247 and 65.
13
What is the greatest common divisor of 48 and 1572?
12
Calculate the highest common divisor of 406 and 87.
29
What is the greatest common divisor of 18441 and 27?
27
Calculate the highest common factor of 208 and 1600.
16
Calculate the greatest common divisor of 3380 and 80.
20
What is the greatest common divisor of 35375 and 25?
25
Calculate the greatest common factor of 42 and 30.
6
What is the highest common divisor of 24 and 36264?
24
What is the greatest common factor of 1026 and 38?
38
What is the highest common divisor of 3422 and 928?
58
Calculate the highest common factor of 70 and 105.
35
Calculate the greatest common divisor of 25 and 20.
5
What is the greatest common factor of 784 and 147?
49
What is the greatest common factor of 11371 and 249?
83
What is the highest common divisor of 655 and 115?
5
Calculate the greatest common factor of 492 and 6437.
41
What is the highest common factor of 560 and 1040?
80
What is the greatest common divisor of 512 and 656?
16
What is the highest common divisor of 1975 and 325?
25
Calculate the highest common divisor of 42 and 147.
21
What is the greatest common divisor of 18 and 45?
9
Calculate the highest common divisor of 693 and 63.
63
What is the highest common factor of 420 and 672?
84
Calculate the greatest common divisor of 46529 and 119.
119
What is the highest common factor of 782 and 874?
46
What is the highest common factor of 95 and 7961?
19
What is the highest common divisor of 750 and 15450?
150
Calculate the greatest common factor of 10 and 90.
10
Calculate the highest common factor of 46 and 1242.
46
Calculate the greatest common divisor of 51 and 17187.
51
What is the highest common factor of 72 and 232?
8
What is the greatest common divisor of 20418 and 246?
246
Calculate the highest common divisor of 7 and 6790.
7
What is the highest common factor of 45 and 1395?
45
Calculate the highest common divisor of 299 and 78.
13
Calculate the greatest common divisor of 6 and 45174.
6
Calculate the highest common factor of 372 and 12.
12
What is the highest common factor of 2227 and 153?
17
Calculate the highest common factor of 9879 and 555.
111
Calculate the greatest common divisor of 46 and 6647.
23
Calculate the greatest common factor of 396 and 88.
44
What is the greatest common factor of 88 and 5115?
11
Calculate the highest common divisor of 183 and 11041.
61
Calculate the greatest common divisor of 330 and 75.
15
What is the greatest common divisor of 168 and 2982?
42
What is the highest common divisor of 46 and 437?
23
What is the highest common factor of 2 and 368?
2
What is the greatest common divisor of 1120 and 35?
35
Calculate the highest common factor of 19977 and 3.
3
Calculate the greatest common factor of 289 and 119.
17
Calculate the highest common factor of 1380 and 5.
5
What is the highest common factor of 319 and 58?
29
Calculate the highest common factor of 405 and 1635.
15
What is the highest common factor of 187 and 11?
11
Calculate the highest common factor of 11 and 2343.
11
Calculate the highest common divisor of 259 and 693.
7
Calculate the greatest common factor of 14420 and 196.
28
Calculate the greatest common factor of 10 and 512.
2
Calculate the greatest common divisor of 410 and 50.
10
What is the highest common divisor of 534 and 623?
89
Calculate the greatest common factor of 13 and 2756.
13
What is the highest common factor of 12 and 1320?
12
Calculate the highest common divisor of 300 and 75.
75
Calculate the greatest common divisor of 4611 and 261.
87
Calculate the highest common factor of 147 and 49.
49
What is the highest common factor of 29 and 1450?
29
Calculate the greatest common divisor of 53 and 212.
53
What is the highest common factor of 126 and 350?
14
What is the greatest common factor of 130 and 2?
2
What is the highest common divisor of 146 and 11534?
146
What is the greatest common divisor of 22 and 165?
11
Calculate the greatest common factor of 9899 and 19.
19
Calculate the highest common divisor of 1534 and 78.
26
Calculate the highest common factor of 8820 and 180.
180
What is the greatest common factor of 9 and 36?
9
Calculate the highest common factor of 55 and 5995.
55
What is the highest common factor of 23 and 19?
1
Calculate the highest common divisor of 510 and 102.
102
Calculate the highest common factor of 420 and 42.
42
Calculate the greatest common factor of 19135 and 430.
215
Calculate the highest common factor of 1813 and 148.
37
Calculate the greatest common factor of 1143 and 9.
9
Calculate the highest common factor of 192 and 216.
24
Calculate the highest common factor of 7301 and 343.
49
Calculate the highest common factor of 16 and 1648.
16
Calculate the greatest common factor of 29134 and 28.
14
Calculate the highest common divisor of 170 and 270.
10
Calculate the greatest common factor of 1509 and 12.
3
Calculate the highest common divisor of 37 and 37.
37
What is the greatest common divisor of 48 and 12?
12
What is the greatest common factor of 68 and 527?
17
Calculate the highest common divisor of 330 and 45.
15
What is the highest common divisor of 2280 and 72?
24
What is the highest common divisor of 7 and 3787?
7
What is the greatest common factor of 666 and 18?
18
Calculate the highest common divisor of 150 and 96.
6
What is the greatest common factor of 39 and 1742?
13
Calculate the greatest common factor of 3177 and 9.
9
What is the greatest common divisor of 68 and 85?
17
What is the highest common factor of 64 and 756?
4
Calculate the greatest common factor of 12 and 36.
12
Calculate the highest common divisor of 56 and 126.
14
Calculate the highest common divisor of 2288 and 128.
16
Calculate the greatest common factor of 1 and 131.
1
What is the highest common divisor of 183 and 17751?
183
Calculate the greatest common factor of 1144 and 156.
52
What is the greatest common divisor of 154 and 4543?
77
Calculate the highest common factor of 255 and 30.
15
Calculate the highest common factor of 72 and 168.
24
Calculate the highest common factor of 4635 and 225.
45
Calculate the highest common factor of 16517 and 796.
199
Calculate the greatest common divisor of 2960 and 16.
16
What is the highest common factor of 1078 and 98?
98
Calculate the highest common divisor of 781 and 11.
11
What is the highest common factor of 144 and 9?
9
What is the highest common divisor of 289 and 221?
17
Calculate the highest common divisor of 76 and 323.
19
What is the greatest common factor of 355 and 142?
71
What is the greatest common factor of 144 and 16992?
144
Calculate the greatest common divisor of 18 and 6.
6
Calculate the greatest common factor of 795 and 159.
159
What is the highest common divisor of 36 and 1908?
36
What is the greatest common divisor of 60 and 4860?
60
What is the greatest common divisor of 425 and 100?
25
C